 what is 0 - 100212222?
-100212222
In base 4, what is 1332300 + 1102?
2000002
In base 13, what is 88 + 1b3?
26b
In base 10, what is -62598 + -38?
-62636
In base 8, what is -250400 - -3?
-250375
In base 15, what is -9c - 831?
-8cd
In base 11, what is 1aaa + 5a?
2059
In base 2, what is 1011000101001 + -100010?
1011000000111
In base 11, what is -47 + 519?
482
In base 3, what is 12021 + -10?
12011
In base 3, what is -2 - 112220212?
-112220221
In base 9, what is -1015 - -20?
-885
In base 3, what is 10120 + 1022211?
1110101
In base 9, what is -2 - -36073?
36071
In base 15, what is a9b - -1?
a9c
In base 5, what is 113 + 3224?
3342
In base 6, what is 2504400 - 2?
2504354
In base 3, what is 122002 - 1201011?
-1002002
In base 10, what is -3092 + -25?
-3117
In base 7, what is 3326160 - 10?
3326150
In base 13, what is 14 - 10b4?
-10a0
In base 3, what is 0 + 1002220021?
1002220021
In base 3, what is 0 + 100022122010?
100022122010
In base 16, what is 68 - -37dd?
3845
In base 5, what is 112000142 + 4?
112000201
In base 11, what is aa9925 + -5?
aa9920
In base 12, what is -5 - 3792b?
-37934
In base 11, what is -7897 - 4?
-78a0
In base 5, what is -143 - 3414?
-4112
In base 5, what is 134044 + -1300?
132244
In base 13, what is -8b7cc + -1?
-8b800
In base 11, what is 74 - -344?
408
In base 10, what is -4044 - 3?
-4047
In base 11, what is -10 + -17929?
-17939
In base 7, what is -3 + 15310053?
15310050
In base 5, what is 313303404 + -1?
313303403
In base 15, what is -2cec0 + 1?
-2cebe
In base 7, what is -5421 - 144?
-5565
In base 11, what is 479570 - 3?
479568
In base 7, what is 14505 - -2606?
20414
In base 3, what is 10 - -100012200?
100012210
In base 16, what is -1673a - 8?
-16742
In base 5, what is 414 - -10032?
11001
In base 3, what is -1222010101121 - 0?
-1222010101121
In base 8, what is 0 - -3210275?
3210275
In base 10, what is 3 + -364744?
-364741
In base 12, what is 1 - -974?
975
In base 12, what is 2 - -173b2?
173b4
In base 13, what is -107 - 1194?
-129b
In base 13, what is -12433 - -88?
-12378
In base 12, what is -46a819 + -2?
-46a81b
In base 6, what is 3051304 - 1?
3051303
In base 3, what is 11 - 20010120?
-20010102
In base 6, what is -3 - 155231?
-155234
In base 4, what is -1 + -232232032?
-232232033
In base 14, what is 2cb - -56?
343
In base 16, what is -4cd - 57a?
-a47
In base 10, what is 5 - -173739?
173744
In base 6, what is -4 + -22143?
-22151
In base 7, what is 11 + 43535?
43546
In base 15, what is 1a2 - 40?
162
In base 6, what is 554 + 5040?
10034
In base 14, what is 22 - -b6d?
b91
In base 6, what is 30152 + 405?
31001
In base 8, what is 165473 - -2?
165475
In base 5, what is 4 + -3404432?
-3404423
In base 8, what is -2 - 47464?
-47466
In base 16, what is -bd350 + 5?
-bd34b
In base 4, what is -13 - 1012331?
-1013010
In base 2, what is 110001 + -1000001000000100?
-1000000111010011
In base 12, what is 195 + 185?
35a
In base 8, what is 123 - 441?
-316
In base 13, what is -50c335 + -2?
-50c337
In base 12, what is 19a - 1090?
-ab2
In base 16, what is 102 + -28f?
-18d
In base 5, what is -10 + 101404?
101344
In base 8, what is 204 - -13223?
13427
In base 6, what is 44314 - 10?
44304
In base 5, what is 24 + 33120?
33144
In base 9, what is 7 + 11311?
11318
In base 2, what is 10100 + 1001010111?
1001101011
In base 12, what is -10 + 455?
445
In base 15, what is 5b4 - -3a?
5ee
In base 9, what is -65778 + 6?
-65772
In base 8, what is 1414 - -37?
1453
In base 7, what is 50 + -1662?
-1612
In base 13, what is 1565ba9 + -4?
1565ba5
In base 10, what is 32107 - 4?
32103
In base 3, what is 11 + 2222011011?
2222011022
In base 6, what is 1525022 - 5?
1525013
In base 10, what is -952 - -5?
-947
In base 13, what is 5 + 2a83?
2a88
In base 12, what is -23 + -198?
-1bb
In base 16, what is 14 + -aef?
-adb
In base 2, what is 1010010 - 10000111110?
-1111101100
In base 16, what is 5ae115 - 3?
5ae112
In base 8, what is -106154 + -4?
-106160
In base 7, what is -4642543 - 3?
-4642546
In base 8, what is 5336 + 336?
5674
In base 13, what is 33 + 417?
44a
In base 12, what is -5 - -36949?
36944
In base 11, what is -44 - -2177?
2133
In base 3, what is 101022 - -2212221?
10021020
In base 14, what is -c23d + -6?
-c245
In base 8, what is 16 - 7211?
-7173
In base 6, what is -4 - -241311?
241303
In base 8, what is 16 + -105?
-67
In base 3, what is 0 + -2221101220111?
-2221101220111
In base 7, what is 6 + -65266?
-65260
In base 5, what is 22 - 1210?
-1133
In base 10, what is 0 + -10600?
-10600
In base 4, what is 103022321 + 201?
103023122
In base 2, what is -1000 - 100110001011101?
-100110001100101
In base 12, what is -210 - -242?
32
In base 13, what is -a2 + 0?
-a2
In base 12, what is 14 - 1a6?
-192
In base 5, what is 31342011 - 110?
31341401
In base 10, what is 11787 + -3?
11784
In base 5, what is 1030 + 24?
1104
In base 9, what is -2 - 127523?
-127525
In base 14, what is 653 - 1288?
-a35
In base 11, what is 172 - 4760?
-4599
In base 8, what is 32632 - 2?
32630
In base 13, what is 19 - 2071?
-2055
In base 10, what is 136960 + 0?
136960
In base 13, what is -26 + 1933?
190a
In base 7, what is 55 + 302043?
302131
In base 16, what is -1fcda - 2?
-1fcdc
In base 2, what is 100010000101110011110 + -101?
100010000101110011001
In base 16, what is 23956 - 4?
23952
In base 9, what is -103817 - -1?
-103816
In base 13, what is 1751 + -6c?
16b2
In base 4, what is -113000032 + 2?
-113000030
In base 14, what is -1d05 - 157?
-205c
In base 3, what is 1122202102 + 111?
1122202220
In base 16, what is 597 + 376?
90d
In base 5, what is -3 - 10342023?
-10342031
In base 3, what is 12 - 1120002122?
-1120002110
In base 2, what is -101101011 + 1100010011001?
1011100101110
In base 14, what is 157 - 3863?
-370a
In base 5, what is -13214320 + 22?
-13214243
In base 6, what is 5 - -53503?
53512
In base 12, what is 1aab25 + -2?
1aab23
In base 6, what is 120525 - 140?
120345
In base 9, what is -11 + 37274?
37263
In base 16, what is -2b45 - -1a2?
-29a3
In base 2, what is -10001000110000 + 110011?
-10000111111101
In base 9, what is 0 - 43001?
-43001
In base 10, what is 752346 - -2?
752348
In base 5, what is 140231114 - -3?
140231122
In base 14, what is -4dd + 270?
-26d
In base 2, what is -1110010111000111000100 + -101?
-1110010111000111001001
In base 9, what is -86116 - -3?
-86113
In base 16, what is -51f - -1a?
-505
In base 15, what is -4 + -54e?
-553
In base 6, what is -4021 - 45?
-4110
In base 10, what is 0 + 24329?
24329
In base 8, what is 4 - 24666?
-24662
In base 2, what is -101001111011100110110111 + 10?
-101001111011100110110101
In base 4, what is 122220 - 22?
122132
In base 10, what is -712 + 68?
-644
In base 4, what is 1110120310 - 111?
1110120133
In base 15, what is 10da - -20?
110a
In base 5, what is 13423134 - 134?
13423000
In base 3, what is 1 + 22110222?
22111000
In base 8, what is 2 + -756237?
-756235
In base 6, what is -13413125 - -4?
-13413121
In base 15, what is 4 - -85a?
85e
In base 9, what is -73777 + -2?
-73780
In base 3, what is 10100 - -2112222?
2200022
In base 7, what is -202312 + -2?
-202314
In base 10, what is -251 + 258?
7
In base 13, what is 8785 - -35?
87ba
In base 5, what is -14430140 + 0?
-14430140
In base 13, what is 9b + 1086?
1154
In base 7, what is -10022 - 46?
-10101
In base 9, what is 17255 + 12?
17267
In base 9, what is 2 + -2631?
-2628
In base 10, what is 3750 + 21?
3771
In base 12, what is -a + 20a596?
20a588
In base 7, what is -640605 - 0?
-640605
In base 10, what is -15486 + 15?
-15471
In base 11, what is -5 - 911364?
-911369
In base 3, what is 2022 + 1010010?
1012102
In base 5, what is -10214 + 120?
-10044
In base 12, what is -53545 + 27?
-5351a
In base 4, what is 1000 + -10203?
-3203
In base 16, what is 21f0 - 18?
21d8
In base 12, what is -3 + -3a630?
-3a633
In base 8, what is -70525 + -3?
-70530
In base 13, what is 669266 - 3?
669263
In base 7, what is -221465 + 5?
-221460
In base 5, what is -24443 + 314?
-24124
In base 14, what is -18 + 6?
-12
In base 3, what is 1120221 + -1021?
1112200
In base 12, what is 3611 - -146?
3757
In base 3, what is 1000011 + 12?
1000100
In base 3, what is -201122 - 10110?
-212002
In base 7, what is 1004 - -431?
1435
In base 7, what is -3 - -631614?
631611
In base 10, what is 53372 - -12?
53384
In base 13, what is 8981 - -58?
8a09
In base 3, what